{"id":870,"date":"2025-05-12T13:10:10","date_gmt":"2025-05-12T11:10:10","guid":{"rendered":"https:\/\/microzed.tn\/?post_type=product&#038;p=870"},"modified":"2025-05-19T11:55:10","modified_gmt":"2025-05-19T09:55:10","slug":"chargeur-mural-pc866y","status":"publish","type":"product","link":"https:\/\/microzed.tn\/?product=chargeur-mural-pc866y","title":{"rendered":"Chargeur mural PC866Y"},"content":{"rendered":"<p>Le PC866Y est un chargeur mural sophistiqu\u00e9, con\u00e7u avec un design transparent qui met en valeur son style technologique et son artisanat de qualit\u00e9. \u00c9quip\u00e9 de deux ports Type-C, ce chargeur offre une charge rapide PD 36W, avec des options de charge individuelle ou simultan\u00e9e.<\/p>\n<p>Caract\u00e9ristiques principales :<\/p>\n<p>Puissance totale : 36W<\/p>\n<p>Port Type-C (individuel) : jusqu&rsquo;\u00e0 36W de charge rapide.<\/p>\n<p>Double port Type-C : chaque port prend en charge 18W de charge rapide lorsque les deux ports sont utilis\u00e9s simultan\u00e9ment.<\/p>\n<p>Conception transparente innovante : offre une visibilit\u00e9 \u00e9l\u00e9gante des composants internes du chargeur.<\/p>\n<p>Technologie multi-protocole intelligente : garantit une compatibilit\u00e9 \u00e9tendue avec divers appareils.<\/p>\n<p>Compatibilit\u00e9 \u00e9tendue : supporte des mod\u00e8les comme le Samsung Galaxy Note 10 et Note 20 Ultra, entre autres appareils compatibles avec la charge rapide.<\/p>\n<p>Design moderne et pratique : id\u00e9al pour les utilisateurs cherchant une performance rapide et une apparence high-tech.<\/p>\n<p>Le PC866Y est la solution id\u00e9ale pour ceux qui recherchent \u00e0 la fois performances et esth\u00e9tique, offrant une recharge rapide et fiable, avec un design qui se d\u00e9marque.<\/p>\n","protected":false},"excerpt":{"rendered":"<p>Le PC866Y est un chargeur mural sophistiqu\u00e9, con\u00e7u avec un design transparent qui met en valeur son style technologique et son artisanat de qualit\u00e9. \u00c9quip\u00e9 de deux ports Type-C, ce chargeur offre une charge rapide PD 36W, avec des options de charge individuelle ou simultan\u00e9e.<\/p>\n<p>Caract\u00e9ristiques principales :<\/p>\n<p>Puissance totale : 36W<\/p>\n<p>Port Type-C (individuel) : jusqu&rsquo;\u00e0 36W de charge rapide.<\/p>\n<p>Double port Type-C : chaque port prend en charge 18W de charge rapide lorsque les deux ports sont utilis\u00e9s simultan\u00e9ment.<\/p>\n<p>Conception transparente innovante : offre une visibilit\u00e9 \u00e9l\u00e9gante des composants internes du chargeur.<\/p>\n<p>Technologie multi-protocole intelligente : garantit une compatibilit\u00e9 \u00e9tendue avec divers appareils.<\/p>\n<p>Compatibilit\u00e9 \u00e9tendue : supporte des mod\u00e8les comme le Samsung Galaxy Note 10 et Note 20 Ultra, entre autres appareils compatibles avec la charge rapide.<\/p>\n<p>Design moderne et pratique : id\u00e9al pour les utilisateurs cherchant une performance rapide et une apparence high-tech.<\/p>\n<p>Le PC866Y est la solution id\u00e9ale pour ceux qui recherchent \u00e0 la fois performances et esth\u00e9tique, offrant une recharge rapide et fiable, avec un design qui se d\u00e9marque.<\/p>\n","protected":false},"featured_media":871,"comment_status":"open","ping_status":"closed","template":"","meta":{"site-sidebar-layout":"default","site-content-layout":"","ast-site-content-layout":"default","site-content-style":"default","site-sidebar-style":"default","ast-global-header-display":"","ast-banner-title-visibility":"","ast-main-header-display":"","ast-hfb-above-header-display":"","ast-hfb-below-header-display":"","ast-hfb-mobile-header-display":"","site-post-title":"","ast-breadcrumbs-content":"","ast-featured-img":"","footer-sml-layout":"","theme-transparent-header-meta":"default","adv-header-id-meta":"","stick-header-meta":"","header-above-stick-meta":"","header-main-stick-meta":"","header-below-stick-meta":"","astra-migrate-meta-layouts":"set","ast-page-background-enabled":"default","ast-page-background-meta":{"desktop":{"background-color":"var(--ast-global-color-4)","background-image":"","background-repeat":"repeat","background-position":"center center","background-size":"auto","background-attachment":"scroll","background-type":"","background-media":"","overlay-type":"","overlay-color":"","overlay-gradient":""},"tablet":{"background-color":"","background-image":"","background-repeat":"repeat","background-position":"center center","background-size":"auto","background-attachment":"scroll","background-type":"","background-media":"","overlay-type":"","overlay-color":"","overlay-gradient":""},"mobile":{"background-color":"","background-image":"","background-repeat":"repeat","background-position":"center center","background-size":"auto","background-attachment":"scroll","background-type":"","background-media":"","overlay-type":"","overlay-color":"","overlay-gradient":""}},"ast-content-background-meta":{"desktop":{"background-color":"var(--ast-global-color-5)","background-image":"","background-repeat":"repeat","background-position":"center center","background-size":"auto","background-attachment":"scroll","background-type":"","background-media":"","overlay-type":"","overlay-color":"","overlay-gradient":""},"tablet":{"background-color":"var(--ast-global-color-5)","background-image":"","background-repeat":"repeat","background-position":"center center","background-size":"auto","background-attachment":"scroll","background-type":"","background-media":"","overlay-type":"","overlay-color":"","overlay-gradient":""},"mobile":{"background-color":"var(--ast-global-color-5)","background-image":"","background-repeat":"repeat","background-position":"center center","background-size":"auto","background-attachment":"scroll","background-type":"","background-media":"","overlay-type":"","overlay-color":"","overlay-gradient":""}}},"product_cat":[29,49],"product_tag":[],"class_list":{"0":"post-870","1":"product","2":"type-product","3":"status-publish","4":"has-post-thumbnail","6":"product_cat-cables-adaptateurs","7":"product_cat-chargeur","8":"desktop-align-left","9":"tablet-align-left","10":"mobile-align-left","12":"first","13":"instock","14":"sale","15":"shipping-taxable","16":"purchasable","17":"product-type-simple"},"yoast_head":"<!-- This site is optimized with the Yoast SEO plugin v25.5 - https:\/\/yoast.com\/wordpress\/plugins\/seo\/ -->\n<title>Chargeur mural PC866Y -<\/title>\n<meta name=\"robots\" content=\"index, follow, max-snippet:-1, max-image-preview:large, max-video-preview:-1\" \/>\n<link rel=\"canonical\" href=\"https:\/\/microzed.tn\/?product=chargeur-mural-pc866y\" \/>\n<meta property=\"og:locale\" content=\"fr_FR\" \/>\n<meta property=\"og:type\" content=\"article\" \/>\n<meta property=\"og:title\" content=\"Chargeur mural PC866Y -\" \/>\n<meta property=\"og:description\" content=\"Le PC866Y est un chargeur mural sophistiqu\u00e9, con\u00e7u avec un design transparent qui met en valeur son style technologique et son artisanat de qualit\u00e9. \u00c9quip\u00e9 de deux ports Type-C, ce chargeur offre une charge rapide PD 36W, avec des options de charge individuelle ou simultan\u00e9e.  Caract\u00e9ristiques principales :  Puissance totale : 36W  Port Type-C (individuel) : jusqu&#039;\u00e0 36W de charge rapide.  Double port Type-C : chaque port prend en charge 18W de charge rapide lorsque les deux ports sont utilis\u00e9s simultan\u00e9ment.  Conception transparente innovante : offre une visibilit\u00e9 \u00e9l\u00e9gante des composants internes du chargeur.  Technologie multi-protocole intelligente : garantit une compatibilit\u00e9 \u00e9tendue avec divers appareils.  Compatibilit\u00e9 \u00e9tendue : supporte des mod\u00e8les comme le Samsung Galaxy Note 10 et Note 20 Ultra, entre autres appareils compatibles avec la charge rapide.  Design moderne et pratique : id\u00e9al pour les utilisateurs cherchant une performance rapide et une apparence high-tech.  Le PC866Y est la solution id\u00e9ale pour ceux qui recherchent \u00e0 la fois performances et esth\u00e9tique, offrant une recharge rapide et fiable, avec un design qui se d\u00e9marque.\" \/>\n<meta property=\"og:url\" content=\"https:\/\/microzed.tn\/?product=chargeur-mural-pc866y\" \/>\n<meta property=\"article:modified_time\" content=\"2025-05-19T09:55:10+00:00\" \/>\n<meta property=\"og:image\" content=\"https:\/\/microzed.tn\/wp-content\/uploads\/2025\/05\/pc866y.jpg\" \/>\n\t<meta property=\"og:image:width\" content=\"230\" \/>\n\t<meta property=\"og:image:height\" content=\"235\" \/>\n\t<meta property=\"og:image:type\" content=\"image\/jpeg\" \/>\n<meta name=\"twitter:card\" content=\"summary_large_image\" \/>\n<meta name=\"twitter:label1\" content=\"Dur\u00e9e de lecture estim\u00e9e\" \/>\n\t<meta name=\"twitter:data1\" content=\"1 minute\" \/>\n<script type=\"application\/ld+json\" class=\"yoast-schema-graph\">{\"@context\":\"https:\/\/schema.org\",\"@graph\":[{\"@type\":\"WebPage\",\"@id\":\"https:\/\/microzed.tn\/?product=chargeur-mural-pc866y\",\"url\":\"https:\/\/microzed.tn\/?product=chargeur-mural-pc866y\",\"name\":\"Chargeur mural PC866Y -\",\"isPartOf\":{\"@id\":\"https:\/\/microzed.tn\/#website\"},\"primaryImageOfPage\":{\"@id\":\"https:\/\/microzed.tn\/?product=chargeur-mural-pc866y#primaryimage\"},\"image\":{\"@id\":\"https:\/\/microzed.tn\/?product=chargeur-mural-pc866y#primaryimage\"},\"thumbnailUrl\":\"https:\/\/microzed.tn\/wp-content\/uploads\/2025\/05\/pc866y.jpg\",\"datePublished\":\"2025-05-12T11:10:10+00:00\",\"dateModified\":\"2025-05-19T09:55:10+00:00\",\"breadcrumb\":{\"@id\":\"https:\/\/microzed.tn\/?product=chargeur-mural-pc866y#breadcrumb\"},\"inLanguage\":\"fr-FR\",\"potentialAction\":[{\"@type\":\"ReadAction\",\"target\":[\"https:\/\/microzed.tn\/?product=chargeur-mural-pc866y\"]}]},{\"@type\":\"ImageObject\",\"inLanguage\":\"fr-FR\",\"@id\":\"https:\/\/microzed.tn\/?product=chargeur-mural-pc866y#primaryimage\",\"url\":\"https:\/\/microzed.tn\/wp-content\/uploads\/2025\/05\/pc866y.jpg\",\"contentUrl\":\"https:\/\/microzed.tn\/wp-content\/uploads\/2025\/05\/pc866y.jpg\",\"width\":230,\"height\":235},{\"@type\":\"BreadcrumbList\",\"@id\":\"https:\/\/microzed.tn\/?product=chargeur-mural-pc866y#breadcrumb\",\"itemListElement\":[{\"@type\":\"ListItem\",\"position\":1,\"name\":\"Accueil\",\"item\":\"https:\/\/microzed.tn\/\"},{\"@type\":\"ListItem\",\"position\":2,\"name\":\"Products\",\"item\":\"https:\/\/microzed.tn\/?page_id=110\"},{\"@type\":\"ListItem\",\"position\":3,\"name\":\"Chargeur mural PC866Y\"}]},{\"@type\":\"WebSite\",\"@id\":\"https:\/\/microzed.tn\/#website\",\"url\":\"https:\/\/microzed.tn\/\",\"name\":\"\",\"description\":\"\",\"potentialAction\":[{\"@type\":\"SearchAction\",\"target\":{\"@type\":\"EntryPoint\",\"urlTemplate\":\"https:\/\/microzed.tn\/?s={search_term_string}\"},\"query-input\":{\"@type\":\"PropertyValueSpecification\",\"valueRequired\":true,\"valueName\":\"search_term_string\"}}],\"inLanguage\":\"fr-FR\"}]}<\/script>\n<!-- \/ Yoast SEO plugin. -->","yoast_head_json":{"title":"Chargeur mural PC866Y -","robots":{"index":"index","follow":"follow","max-snippet":"max-snippet:-1","max-image-preview":"max-image-preview:large","max-video-preview":"max-video-preview:-1"},"canonical":"https:\/\/microzed.tn\/?product=chargeur-mural-pc866y","og_locale":"fr_FR","og_type":"article","og_title":"Chargeur mural PC866Y -","og_description":"Le PC866Y est un chargeur mural sophistiqu\u00e9, con\u00e7u avec un design transparent qui met en valeur son style technologique et son artisanat de qualit\u00e9. \u00c9quip\u00e9 de deux ports Type-C, ce chargeur offre une charge rapide PD 36W, avec des options de charge individuelle ou simultan\u00e9e.  Caract\u00e9ristiques principales :  Puissance totale : 36W  Port Type-C (individuel) : jusqu'\u00e0 36W de charge rapide.  Double port Type-C : chaque port prend en charge 18W de charge rapide lorsque les deux ports sont utilis\u00e9s simultan\u00e9ment.  Conception transparente innovante : offre une visibilit\u00e9 \u00e9l\u00e9gante des composants internes du chargeur.  Technologie multi-protocole intelligente : garantit une compatibilit\u00e9 \u00e9tendue avec divers appareils.  Compatibilit\u00e9 \u00e9tendue : supporte des mod\u00e8les comme le Samsung Galaxy Note 10 et Note 20 Ultra, entre autres appareils compatibles avec la charge rapide.  Design moderne et pratique : id\u00e9al pour les utilisateurs cherchant une performance rapide et une apparence high-tech.  Le PC866Y est la solution id\u00e9ale pour ceux qui recherchent \u00e0 la fois performances et esth\u00e9tique, offrant une recharge rapide et fiable, avec un design qui se d\u00e9marque.","og_url":"https:\/\/microzed.tn\/?product=chargeur-mural-pc866y","article_modified_time":"2025-05-19T09:55:10+00:00","og_image":[{"width":230,"height":235,"url":"https:\/\/microzed.tn\/wp-content\/uploads\/2025\/05\/pc866y.jpg","type":"image\/jpeg"}],"twitter_card":"summary_large_image","twitter_misc":{"Dur\u00e9e de lecture estim\u00e9e":"1 minute"},"schema":{"@context":"https:\/\/schema.org","@graph":[{"@type":"WebPage","@id":"https:\/\/microzed.tn\/?product=chargeur-mural-pc866y","url":"https:\/\/microzed.tn\/?product=chargeur-mural-pc866y","name":"Chargeur mural PC866Y -","isPartOf":{"@id":"https:\/\/microzed.tn\/#website"},"primaryImageOfPage":{"@id":"https:\/\/microzed.tn\/?product=chargeur-mural-pc866y#primaryimage"},"image":{"@id":"https:\/\/microzed.tn\/?product=chargeur-mural-pc866y#primaryimage"},"thumbnailUrl":"https:\/\/microzed.tn\/wp-content\/uploads\/2025\/05\/pc866y.jpg","datePublished":"2025-05-12T11:10:10+00:00","dateModified":"2025-05-19T09:55:10+00:00","breadcrumb":{"@id":"https:\/\/microzed.tn\/?product=chargeur-mural-pc866y#breadcrumb"},"inLanguage":"fr-FR","potentialAction":[{"@type":"ReadAction","target":["https:\/\/microzed.tn\/?product=chargeur-mural-pc866y"]}]},{"@type":"ImageObject","inLanguage":"fr-FR","@id":"https:\/\/microzed.tn\/?product=chargeur-mural-pc866y#primaryimage","url":"https:\/\/microzed.tn\/wp-content\/uploads\/2025\/05\/pc866y.jpg","contentUrl":"https:\/\/microzed.tn\/wp-content\/uploads\/2025\/05\/pc866y.jpg","width":230,"height":235},{"@type":"BreadcrumbList","@id":"https:\/\/microzed.tn\/?product=chargeur-mural-pc866y#breadcrumb","itemListElement":[{"@type":"ListItem","position":1,"name":"Accueil","item":"https:\/\/microzed.tn\/"},{"@type":"ListItem","position":2,"name":"Products","item":"https:\/\/microzed.tn\/?page_id=110"},{"@type":"ListItem","position":3,"name":"Chargeur mural PC866Y"}]},{"@type":"WebSite","@id":"https:\/\/microzed.tn\/#website","url":"https:\/\/microzed.tn\/","name":"","description":"","potentialAction":[{"@type":"SearchAction","target":{"@type":"EntryPoint","urlTemplate":"https:\/\/microzed.tn\/?s={search_term_string}"},"query-input":{"@type":"PropertyValueSpecification","valueRequired":true,"valueName":"search_term_string"}}],"inLanguage":"fr-FR"}]}},"jetpack_sharing_enabled":true,"_links":{"self":[{"href":"https:\/\/microzed.tn\/index.php?rest_route=\/wp\/v2\/product\/870","targetHints":{"allow":["GET"]}}],"collection":[{"href":"https:\/\/microzed.tn\/index.php?rest_route=\/wp\/v2\/product"}],"about":[{"href":"https:\/\/microzed.tn\/index.php?rest_route=\/wp\/v2\/types\/product"}],"replies":[{"embeddable":true,"href":"https:\/\/microzed.tn\/index.php?rest_route=%2Fwp%2Fv2%2Fcomments&post=870"}],"wp:featuredmedia":[{"embeddable":true,"href":"https:\/\/microzed.tn\/index.php?rest_route=\/wp\/v2\/media\/871"}],"wp:attachment":[{"href":"https:\/\/microzed.tn\/index.php?rest_route=%2Fwp%2Fv2%2Fmedia&parent=870"}],"wp:term":[{"taxonomy":"product_cat","embeddable":true,"href":"https:\/\/microzed.tn\/index.php?rest_route=%2Fwp%2Fv2%2Fproduct_cat&post=870"},{"taxonomy":"product_tag","embeddable":true,"href":"https:\/\/microzed.tn\/index.php?rest_route=%2Fwp%2Fv2%2Fproduct_tag&post=870"}],"curies":[{"name":"wp","href":"https:\/\/api.w.org\/{rel}","templated":true}]}}